 21 = 3*f - 0*c + 3*c. Let h(m) = -2*m + 2. Calculate h(f).
-8
Let l(g) = -g**2 - 4*g + 6. Suppose 0 = w + 3 + 2. Let n be l(w). Let i(k) = -6*k. Give i(n).
-6
Suppose 4*j = 16 + 4. Let v(c) = 7*c - 2*c + 2*c + 0*c - 17. Let t(l) = 10*l - 25. Let f(a) = 5*t(a) - 7*v(a). Give f(j).
-1
Let p(b) = -b**3 - 11*b**2 + 7. Let o be p(-11). Let n(f) = f**3 - 6*f**2 - 6*f + 4. Determine n(o).
11
Let c(h) = 2*h + 2. Suppose 0 = -i + 2*i + 1. Let u(r) = r + 1. Let k(g) = i*u(g) + c(g). Determine k(3).
4
Let z(r) = 5*r - 9*r + 11*r + 4 - 8*r. Determine z(5).
-1
Let g be (-5)/4 + (-6)/(-24). Let b(i) be the third derivative of -1/6*i**3 - 1/40*i**6 + 0*i + i**2 + 0 - 1/24*i**4 + 1/60*i**5. Give b(g).
4
Let g(u) = -u**2 + 2*u + 2. Suppose -5*p + 4*a = a - 8, 8 = p + a. Suppose -3*l + p*l = 3. Suppose 2*z + 3*r = 22, z = -0*z + l*r - 7. Give g(z).
-13
Let b be (6/(-9))/(4/42). Let g = b - -12. Let r = -7 + g. Let n(a) = -a**3 + 2*a + 2. What is n(r)?
6
Let h(v) = -v**2 + 8*v - 6. Let s be h(6). Suppose -2*c = -s*c + 20. Let j(m) = m + 5. Let d(b) = -6*b - 25. Let a(k) = -2*d(k) - 11*j(k). What is a(c)?
0
Let i be (2 - (-8)/(-4))/(-3). Let l(z) = z**3 - z**2 - 7. Give l(i).
-7
Let x = -4 + 3. Let t(c) be the second derivative of c - 9/20*c**5 + 0*c**2 - 1/6*c**4 - 1/6*c**3 + 0. Give t(x).
8
Let n(k) be the first derivative of -15*k**4/4 - k**2/2 + 36. What is n(-1)?
16
Let p(n) = 3*n - 2. Let z(x) = 3*x - 7. Let w be z(5). Suppose 4*j + 0 + w = 0. What is p(j)?
-8
Let p(x) = -5*x + 1. Let t(c) = -c**2 - 4*c + 3. Let n be t(-3). Suppose n*w - 4*w - 6 = 0. Suppose w*b = 7*b - 4. What is p(b)?
-4
Let l(g) be the second derivative of -g**6/360 + g**5/60 + g**4/6 + g**3/6 + 4*g. Let j(n) be the second derivative of l(n). Give j(3).
1
Suppose 0*c + o + 4 = c, 0 = -c + 3*o + 14. Let a(j) = 6*j - 1. Give a(c).
-7
Let m(o) = -6*o. Let w be m(-2). Let k(v) = -v**3 + 12*v**2 - 2*v + 17. What is k(w)?
-7
Let m be ((-7)/(-4) + -1)*-4. Let a = -4 - -6. Let s(b) = -b - 63 + 4*b + 66 + a*b**2. What is s(m)?
12
Suppose -l = l. Suppose l = -3*b, a + 0*b - 4 = -3*b. Let g(w) = a*w**2 - w - 3*w**2 + 2*w. What is g(3)?
12
Let w(m) = -4*m**3 - 4*m**2 - 3*m + 1. Let h(y) = -7*y**3 - 7*y**2 - 5*y + 1. Let l(p) = 3*h(p) - 5*w(p). Give l(-3).
16
Let i(z) = -z. Let x(g) = -2*g**2 + 3*g. Let p(a) = -3*i(a) - x(a). Calculate p(1).
2
Let p(c) = -c + 4. Let r be (-42)/(-9) + 2/6. Let z be p(r). Let m(h) = -5*h**3 + 5*h**2 - 3*h**2 - 3*h**2. Calculate m(z).
4
Let r be ((-2)/2)/(7/(-28)). Let a(u) = u**2 - 2*u - 4. Determine a(r).
4
Let i(f) = 4 - 3 - 7*f + 6*f. Let o(q) = -4 + 1 + 2. Let w(t) = -2*i(t) + 6*o(t). Calculate w(6).
4
Let d(o) = -6*o**2 - 3*o - 9*o**2 - 2*o**3 + 12*o**2 + 0*o**3. Calculate d(-2).
10
Let f(t) be the first derivative of 1 - 1/4*t**4 - 3*t + 1/2*t**2 - t**3. What is f(-4)?
9
Suppose l + l - 3*p = 10, 0 = 4*l + p - 6. Let t(m) be the first derivative of 1 + 0*m**2 - 2*m**2 - m + m**2. What is t(l)?
-5
Suppose 2*x - 2*a + 38 = -2*x, -4*x - 42 = 2*a. Let w = x - -14. Let t(h) = -13*h. Let b(u) = 16*u - 1. Let s(f) = -4*b(f) - 5*t(f). Give s(w).
8
Let l(i) = -i**2 + 1. Let m(j) = 4 - 12 + 36*j**2 - 27*j**2 + 2*j - j**3. Let u(k) = 5*l(k) + m(k). Give u(4).
5
Let b(i) = i**3 + 2*i**2 + i + 1. Let o(k) = -k**2 + 14*k - 15. Let j be o(13). Give b(j).
-1
Let w(x) = -9 + 27*x**2 + 0 - 14*x**2 - 8*x - 14*x**2. Give w(-6).
3
Let i(k) = 2*k**2 - 6*k**2 + k + k**2. Let m(d) = -16*d**2 + 6*d - 1. Let a(p) = -11*i(p) + 2*m(p). Let w = 107 - 109. Give a(w).
0
Let w(n) be the second derivative of -1/6*n**3 - 3*n + 0 + 1/12*n**4 - 1/60*n**5 + 0*n**2. Let m(k) be the second derivative of w(k). Calculate m(-2).
6
Let q(k) = -k - 4 + 1 + 7. Let n = 13 - 7. Calculate q(n).
-2
Let a = -28 + 32. Let d(i) = i**3 - 4*i**2 + 3*i - 5. What is d(a)?
7
Let p(j) = -j**3 - 3*j**2 - 2*j + 4. Let w be -14 + 0 - (6 + -6). Let v be (w/21)/((-2)/(-9)). Calculate p(v).
10
Let q(c) be the third derivative of -c**4/8 + 2*c**3/3 - 7*c**2. What is q(-3)?
13
Let v(b) = -3*b**2 + 6*b - 6. Let l(j) = -2*j**2 + 5*j - 5. Let w(t) = 4*l(t) - 3*v(t). Calculate w(-3).
1
Let k(a) be the first derivative of a**2/2 - 3*a + 4. Calculate k(-7).
-10
Suppose 3*p = -5*h - 0 - 29, 2*h + 4*p = -20. Let v(m) be the second derivative of -m**5/20 - 5*m**4/12 - m**3/3 - m**2 + 15*m. Determine v(h).
-10
Suppose 12 = -5*x - c - c, -5*x + c = 9. Let m(k) = k**3 - 2*k - 3. What is m(x)?
-7
Suppose 5*b - d + 0*d - 17 = 0, 4*d = -3*b + 1. Let g(i) = 3*i - 4. Give g(b).
5
Suppose l - 4*l = 0. Let c(r) = r + 1 + 2 + l - 4. Determine c(-1).
-2
Suppose 2*s = -0*s. Let j = -5 + 7. Let q(z) = z - j*z**2 + z**2 - 4*z**3 + 3*z**3 - 9. What is q(s)?
-9
Let p = 43 + -49. Let i(a) = -a**2 - 5*a + 2. What is i(p)?
-4
Let m(t) = 4*t**3 - 28*t**2 + 27*t + 9. Let y(s) = 3*s**3 - 19*s**2 + 18*s + 6. Let k(b) = 5*m(b) - 7*y(b). Give k(-8).
-5
Let t(r) = 0*r + 0*r + 3*r + 7 + 1. Let w(b) = -5*b - 15. Let g(q) = 7*t(q) + 4*w(q). Calculate g(5).
1
Let l = 4 - 0. Let j(f) = -4*f - 6*f**2 - f + 1 + 2*f + l*f. Let b = 0 + -1. Calculate j(b).
-6
Let x(y) = -y + 4. Suppose -4*q - 20 = 0, -4*g = -8*g + 3*q + 31. Determine x(g).
0
Let p(s) = s - 4 - 5*s + 38*s**2 - 37*s**2 + 0. Calculate p(4).
-4
Let o(x) = -2*x - 7. Let g be o(-5). Let z(n) = -n + 3 - 3 + 7. Calculate z(g).
4
Let m(c) = c**3 + 4*c + 1. Let d(y) = 5*y**3 - y**2 + 17*y + 5. Let k(r) = 2*d(r) - 9*m(r). Let q(g) = 2*g**2 + g. Let f be q(1). Calculate k(f).
4
Let j be (-4)/(-20)*(3 - -7). Let r(q) = -2*q**2 - 2*q - 1. Let v(h) = h**2 + 2*h + 1. Let u(t) = -4*r(t) - 5*v(t). Give u(j).
7
Let d be (-4)/(-6) + (-2)/(-6). Let m(b) be the first derivative of -d + 0*b**2 - 8/3*b**3 + b. What is m(-1)?
-7
Let p(m) = -4*m + 3. Let f = -53 - -55. Give p(f).
-5
Let t(z) = 26*z**3 - 5*z**2 + 5. Let h(c) = -65*c**3 + 13*c**2 - 13. Let o(r) = -5*h(r) - 13*t(r). What is o(-1)?
13
Let p(j) = 6*j - 4. Suppose -3*h - 8 = -h. Let v(q) = -18*q + 11. Let u(f) = h*v(f) - 11*p(f). Give u(-1).
-6
Suppose s + s - 4 = 0. Suppose 2*t - 2 = 0, -o = -s*t + 3*t - 3. Let w(l) = 3*l**2 - 2*l. Let n(q) = q**2. Let i(r) = o*n(r) - w(r). Calculate i(1).
1
Let q be -1*0*2/(-4). Suppose q = 2*m + 3*s - 7, 2*m = m + 2*s - 14. Let t(a) = a**3 + 4*a**2 + 3*a + 3. What is t(m)?
-9
Let i(p) be the first derivative of p**4/4 - 8*p**3/3 - 2*p + 8. What is i(8)?
-2
Let d be ((-2)/4)/(6/(-144)). Let g be -3 + (d - 0)/2. Let l(k) = -k**3 + 4*k**2 - 2*k + 1. What is l(g)?
4
Let j be -2*(4 - 2)*-1. Let a be 1*(3 - j)*-2. Let i(c) = 2*c**2 + 2*c - 3. Calculate i(a).
9
Let j(b) = -b - 1. Let y be (-1)/2*2 + 7. Give j(y).
-7
Let p(j) = 4*j**3 - 5*j**2 - 4*j + 10. Let t(n) be the second derivative of n**5/20 - n**3/6 + n**2/2 + n. Let f(l) = p(l) - 5*t(l). What is f(-5)?
0
Let w(f) be the second derivative of -3*f**5/20 + f**4/6 - f**3/3 + f**2/2 - 4*f. Let q(a) = -a - 6. Let x be q(-7). Calculate w(x).
-2
Let t(u) be the third derivative of u**4/8 + 2*u**3/3 - 2*u**2. Let l = 2 + -1. Let i(q) = -1. Let g(x) = l*t(x) - 3*i(x). Determine g(-5).
-8
Let r(i) = -i + 4. Suppose -5*k + 40 = 4*u - 1, u = k - 1. Give r(k).
-1
Let a be 104/(-6) - 3/(-9). Let m = 27 - 15. Let c = m + a. Let f(r) = -2*r - 7. Determine f(c).
3
Let d(a) = -a**3 + 4*a**2 - 2*a + 1. Let i = -7 + 10. What is d(i)?
4
Let w(l) be the first derivative of 3*l**2/2 + l + 7. Calculate w(1).
4
Let z be (12/(-4) + 13)*-1*1. Let f(h) = h**3 + 9*h**2 - 9*h + 5. What is f(z)?
-5
Let f(n) = -n**2 - 99*n + 3 - 5 + 105*n. Determine f(7).
-9
Let k(w) be the first derivative of -2*w**2 + 37. What is k(-4)?
16
Let u be 5/((-3)/3 + 2). Suppose u = -4*a - 11. Let b(h) be the third derivative of h**6/120 + h**5/10 + 7*h**4/24 + h**3 + h**2. Give b(a).
10
Let a(l) be the second derivative of 2*l**4/3 + l**3/6 + l**2/2 + 9*l. Calculate a(-1).
8
Let r be 144/(-14) - 4/(-14). Let o = -6 - r. Let n = o + -2. Let l(u) = -2*u**3 + 2*u**2 + u + 1. What is l(n)?
-5
Let z(y) = -y**3 + y - 1. Let u(p) = -p + 1. Let k be u(2). Suppose -17 = 3*m - 4*c, -5*m + 16 = 5*c - 14. Let a = k - m. Determine z(a).
5
Suppose -u + 5*u + 31 = 3*z, 0 = 3*z - 5*u - 35. Let g(q) = q**3 - 6*q**2 + 4. Calculate g(z).
-21
Let x(m) = -11*m**3 - m + 3. Let w(b) = b**2 + 7*b - 10. Let d be w(-8). Let r(i) = -22*i**3 - 3*i + 7. Let 